ainder when a is divided by 133?
104
Let x = -13685 + 13796. Suppose -3*c - 15 = 0, c + 0*c = 5*o - 145. Calculate the remainder when x is divided by o.
27
What is the remainder when 343 is divided by 322 + (18/15 - 0)/((-46)/(-345))?
12
Let t(l) = 47*l - 231. Let q = 94 + -54. Let d = q - 33. What is the remainder when d is divided by t(5)?
3
Let p(j) be the third derivative of j**5 + 5*j**4/24 + j**3/3 - 58*j**2. What is the remainder when p(-3) is divided by 48?
47
Suppose 0 = 61*u - 62*u + 3*k + 148, 2*u + 4*k - 246 = 0. Calculate the remainder when 466 is divided by u.
67
Let w = -530 - -1214. Suppose -406*g + 394*g + w = 0. What is the remainder when 162 is divided by g?
48
Let p(x) = -x**2 + 72*x + 1213. Calculate the remainder when 278 is divided by p(-13).
62
Suppose 0 = -40*v + 38*v + 32. Suppose -2*x - 107 + 444 = 5*l, 5*l - 176 = -x. Let r = -98 + x. What is the remainder when r is divided by v?
15
Suppose -9 = -s + 3*l, 0 = -4*s + 5*l + 285 - 235. Calculate the remainder when 569 is divided by s.
14
Suppose -5*a + 48 = -4*c + 3, 0 = 4*a - 3*c - 37. Let l = 38 - a. Calculate the remainder when l is divided by 13.
12
Let b = 67 - 38. Calculate the remainder when 7 - 6 - (-50 + 15/3) is divided by b.
17
Calculate the remainder when 30 + -25 + (-6196)/(-10) + (-51)/85 is divided by 75.
24
Let h(p) = -p**2 - 3*p + 11. Let r be h(-4). Suppose 8 = c - r. Calculate the remainder when ((-2)/(-4))/(2/236) is divided by c.
14
Let x = -77 - -128. Suppose -a - 4*y = -188, -a = 21*y - 18*y - 191. What is the remainder when a is divided by x?
47
Let t = -78 + -49. Let q = t + 131. Suppose -5*z + 74 = -0*z + q*d, -z = 4*d - 2. Calculate the remainder when z is divided by 10.
8
Let u = -7 - -4. Let b(n) = 19*n**2 + 5*n + 3. Calculate the remainder when b(u) is divided by (27/(-2))/(406/(-812)).
24
Let z be 18/(-12) - (-78)/4. Suppose 13*c - 15*c + z = 0. What is the remainder when -1*((-8)/3)/(2/c) is divided by 11?
1
Suppose -25*l - 37*l = -16926. What is the remainder when l is divided by 87?
12
Let q be ((-3)/5)/((-6)/(-90)*3). Let w = q + 31. What is the remainder when 195 is divided by w?
27
What is the remainder when ((-9)/(-15))/(-3*2658/1595 - -5) is divided by 42?
33
Let k(o) = -3*o**3 + 3*o**2 + 7*o + 9. Let j be k(-5). Let a be (-4)/10 - j/40. What is the remainder when (-12)/66 + (-35)/a is divided by 1?
0
Let i(z) = -z**3 - 6*z**2 - 3*z + 8. Let n be i(-4). Let d(o) = 3 + 7 + 0 + 12*o**2 + o**3 - 3 - 5*o. Calculate the remainder when d(n) is divided by 23.
21
Let y be (-8)/(-2 + 4)*644/(-56). Suppose 50*a - 80 = y*a. What is the remainder when 109 is divided by a?
9
Let j = 3055 - 3000. Calculate the remainder when j is divided by -18*((-32)/12 - -2).
7
Suppose -7*f + 22 = -48. Suppose 3*i - 952 = -4*i. Calculate the remainder when i is divided by f.
6
What is the remainder when (20/800*310)/(2/248) is divided by 97?
88
Suppose -5*u = 3*x - 247, -x + 7*u - 2*u + 69 = 0. Suppose -9 + 1 = -2*a. Calculate the remainder when x is divided by (-4)/16*a*(-19 - 2).
16
Let g(n) = n**2 - 92*n - 292. Let c be g(-3). Let l be 51/(0 - 0 - 1). Calculate the remainder when 26 is divided by (9 + c)*l/(-6).
9
Let i be 13 + (-30)/5 - 3. What is the remainder when 150 is divided by 18 - 2*i*1/(-2)?
18
Let k = 9105 + -9016. Calculate the remainder when 96 is divided by k.
7
Suppose -22*r + 97*r = 24*r + 376839. Calculate the remainder when r is divided by 16.
13
What is the remainder when 417 is divided by (-530)/159*1245/(-10)?
2
Suppose -4*a = 3*b - 104, 0 = 3*b + a - 51 - 38. Suppose -505*m + 14386 = -51264. What is the remainder when m is divided by b?
18
Let a(g) = -2*g + 6. Let d be a(-6). Let h = 30 - d. Suppose 4*m - 231 = 5*r, 180*m - 176*m - 312 = -4*r. Calculate the remainder when m is divided by h.
9
Let y(f) = 17*f + 38. Let q(t) = 18*t + 38. Let n(d) = -6*q(d) + 7*y(d). Calculate the remainder when n(7) is divided by 13.
11
Let b(v) = 9*v**2 - 3*v + 2. Let w be b(2). Suppose 0 = 9*m - m - w. Suppose 0*u + 28 = 4*u + 4*k, 5*k = 3*u + 19. What is the remainder when m is divided by u?
0
Let a(f) = 36*f**2. Let q = -76 - -91. Suppose g = t - 16, -21 = -3*t - g + q. Calculate the remainder when a(1) is divided by t.
10
What is the remainder when 335 is divided by ((-266)/56 - -4 - 4)*-20*2?
145
Suppose -38*o + 34*o - 2010 = -s, -3*s + 2*o + 5950 = 0. Calculate the remainder when s is divided by 491.
14
Let u = 23466 - 23445. Calculate the remainder when 727 is divided by u.
13
What is the remainder when (2052/81)/((-6)/(-135)) + 1 is divided by 175?
46
Let x be 3 - (1/(-2) + (-41)/2). Calculate the remainder when 327*(16/x - (-2)/(-6)) is divided by 28.
25
Let z(c) = c**3 - 40*c**2 + 175*c + 31. What is the remainder when 524 is divided by z(35)?
28
Let x be 20/((12/(-9))/2). Let l = x - -44. Let k(j) = -19*j + 307. Calculate the remainder when k(14) is divided by l.
13
Calculate the remainder when 634 is divided by (25 - 15)*(-64)/(-20) + 5.
5
Let a = 263 + -216. Let j(o) = -o**2 - 8*o. Let d(i) = -i**2 - 7*i - 1. Let b(g) = 4*d(g) - 5*j(g). Calculate the remainder when b(9) is divided by a.
44
Suppose 2*u - 4 = 28. Let w be (-2 + (-46)/3)*1*3. Let k = w + 57. Calculate the remainder when u is divided by k.
1
What is the remainder when (-108)/20*(51 + -91) is divided by 32?
24
Suppose 4*k - 5*o = 85, k + o - 25 = 3. What is the remainder when ((-5)/(-75)*-55)/((-1)/12) is divided by k?
19
Calculate the remainder when (-10256)/(-14) + (28 - 8685/315) is divided by 123.
118
Let l(s) = -393*s + 8275. Suppose 5*o + 0*o + 80 = 3*q, 3*o = q - 48. What is the remainder when (-2 - (3 + -1))*o is divided by l(21)?
20
Suppose -2*f = 8*u - 6*u, -3*f - 2*u + 3 = 0. Calculate the remainder when (-464)/f*63/(-28) is divided by 25.
23
Suppose 19*i = 30*i - 440. Let l(p) = -p**2 + 29*p - 141. Calculate the remainder when i is divided by l(21).
13
Let j(y) = 12*y**2 - 26*y + 2. What is the remainder when 1087 is divided by j(4)?
7
Suppose 269 + 721 = -10*h. What is the remainder when 131 is divided by h/(-6)*(-12)/(-9)?
21
Let c = 23693 - 22094. What is the remainder when c is divided by 32?
31
Let h(a) = -7 - 59*a**3 + 37*a**3 + 28*a**3 + 6*a + a**2. Calculate the remainder when h(4) is divided by 20.
17
Suppose 28 = 59*z - 52*z. Suppose -z*h - 5 = 4*n - 73, 0 = -4*h - 16. Suppose 0*w - 186 = -3*w. Calculate the remainder when w is divided by n.
20
Let z be -5 + (-63)/((-8)/(-8)). Let l = 118 + z. Calculate the remainder when l is divided by 28.
22
Let r = -17017 + 17078. Calculate the remainder when 4940 is divided by r.
60
Let z be (-3)/(-1) + 1703 + 10. Suppose 0 = -13*c + 11*c + z. What is the remainder when c/18 - 2/3 - 2 is divided by 25?
20
What is the remainder when 442 is divided by 254/4 - ((-320)/224)/(12/21)?
46
Suppose 12*s = 17*s + 15. What is the remainder when (-6)/s - (-2 - (4 + 81)) is divided by 19?
13
Suppose -3*q + h = 40, 12 = -4*q - 5*h - 16. Suppose 5*l - l = 148. What is the remainder when 0 + (-1098)/q*2 is divided by l?
35
Let l = 13672 + -13170. Calculate the remainder when l is divided by 12.
10
Let m(s) = 1126*s - 11749. Calculate the remainder when 3203 is divided by m(11).
18
What is the remainder when ((-7)/(-3))/(609/783) is divided by 2?
1
Let r(x) = -19*x**3 + 4*x**2 + 8*x + 16. What is the remainder when r(-3) is divided by 55?
46
What is the remainder when 230 is divided by (-1230)/(-12) - (-10)/(-20)?
26
Suppose 10*k - 11*k = -26. Calculate the remainder when (-1 + (-2)/10)/(374/125 - 3) is divided by k.
20
Let w = -717 + 1675. Calculate the remainder when w is divided by 13.
9
Suppose 0*z - 7 = -z - i, 0 = -3*i - 6. Suppose -2 = 2*p, 141 = 5*m - 8*p + 12*p. What is the remainder when m is divided by z?
2
Let v(a) = 7*a**2 + a + 1. What is the remainder when (1 - 2)*17*-2 is divided by v(1)?
7
Calculate the remainder when 8581 is divided by 2/(-3)*6 + (5 - -4) + 80.
81
Let o(a) = 117 + 3*a - 40*a + 100. Calculate the remainder when 74 is divided by o(5).
10
What is the remainder when 629 is divided by ((-125)/(-200))/((-4122)/2064 + 2)?
199
Let u be 254 + ((-216)/(-6))/(-6). Let y = -83 + u. Calculate the remainder when y is divided by 28.
25
Suppose -7 = -8*c + 25. Suppose 0 = -3*b + 5*n + 11, c*n = -5*b + 3*b. Supp